{"id":946,"date":"2018-10-28T12:25:45","date_gmt":"2018-10-28T11:25:45","guid":{"rendered":"https:\/\/sv-bleiwaesche.de\/?page_id=946"},"modified":"2026-03-30T21:56:50","modified_gmt":"2026-03-30T19:56:50","slug":"auftritte-cheerdancegruppen-2018","status":"publish","type":"page","link":"https:\/\/sv-bleiwaesche.de\/?page_id=946","title":{"rendered":"Cheerdance"},"content":{"rendered":"\n<h2 class=\"wp-block-heading has-black-color has-text-color has-link-color wp-elements-fa9aa7defb4c2312502942ef832d4cd1\"><strong>Auftritte<\/strong><\/h2>\n\n\n\n<div class=\"wp-block-columns is-layout-flex wp-container-core-columns-is-layout-9d6595d7 wp-block-columns-is-layout-flex\">\n<div class=\"wp-block-column is-layout-flow wp-block-column-is-layout-flow\">\n<h2 class=\"wp-block-heading has-vivid-red-color has-text-color has-link-color wp-elements-2288ecdbb0459ffa58ebea524f845a01\"><strong><em>Mini Lovely\u00b4s<\/em><\/strong><\/h2>\n<\/div>\n<\/div>\n\n\n\n<figure class=\"wp-block-image size-large is-resized\"><a href=\"https:\/\/i0.wp.com\/sv-bleiwaesche.de\/wp-content\/uploads\/2026\/03\/IMG_1377.jpg?ssl=1\"><img data-recalc-dims=\"1\" loading=\"lazy\" decoding=\"async\" width=\"654\" height=\"490\" data-attachment-id=\"2390\" data-permalink=\"https:\/\/sv-bleiwaesche.de\/?attachment_id=2390\" data-orig-file=\"https:\/\/i0.wp.com\/sv-bleiwaesche.de\/wp-content\/uploads\/2026\/03\/IMG_1377-edited.jpg?fit=962%2C721&amp;ssl=1\" data-orig-size=\"962,721\" data-comments-opened=\"0\" data-image-meta=\"{&quot;aperture&quot;:&quot;0&quot;,&quot;credit&quot;:&quot;&quot;,&quot;camera&quot;:&quot;&quot;,&quot;caption&quot;:&quot;Screenshot&quot;,&quot;created_timestamp&quot;:&quot;1774907064&quot;,&quot;copyright&quot;:&quot;&quot;,&quot;focal_length&quot;:&quot;0&quot;,&quot;iso&quot;:&quot;0&quot;,&quot;shutter_speed&quot;:&quot;0&quot;,&quot;title&quot;:&quot;Screenshot&quot;,&quot;orientation&quot;:&quot;1&quot;}\" data-image-title=\"Screenshot\" data-image-description=\"\" data-image-caption=\"&lt;p&gt;Screenshot&lt;\/p&gt;\n\" data-medium-file=\"https:\/\/i0.wp.com\/sv-bleiwaesche.de\/wp-content\/uploads\/2026\/03\/IMG_1377-edited.jpg?fit=300%2C225&amp;ssl=1\" data-large-file=\"https:\/\/i0.wp.com\/sv-bleiwaesche.de\/wp-content\/uploads\/2026\/03\/IMG_1377-edited.jpg?fit=654%2C490&amp;ssl=1\" src=\"https:\/\/i0.wp.com\/sv-bleiwaesche.de\/wp-content\/uploads\/2026\/03\/IMG_1377-edited.jpg?resize=654%2C490&#038;ssl=1\" alt=\"\" class=\"wp-image-2390\" style=\"aspect-ratio:1.334251106660126;width:424px;height:auto\" srcset=\"https:\/\/i0.wp.com\/sv-bleiwaesche.de\/wp-content\/uploads\/2026\/03\/IMG_1377-edited.jpg?w=962&amp;ssl=1 962w, https:\/\/i0.wp.com\/sv-bleiwaesche.de\/wp-content\/uploads\/2026\/03\/IMG_1377-edited.jpg?resize=300%2C225&amp;ssl=1 300w, https:\/\/i0.wp.com\/sv-bleiwaesche.de\/wp-content\/uploads\/2026\/03\/IMG_1377-edited.jpg?resize=768%2C576&amp;ssl=1 768w, https:\/\/i0.wp.com\/sv-bleiwaesche.de\/wp-content\/uploads\/2026\/03\/IMG_1377-edited.jpg?resize=1%2C1&amp;ssl=1 1w\" sizes=\"auto, (max-width: 654px) 100vw, 654px\" \/><\/a><\/figure>\n\n\n\n<div style=\"height:38px\" aria-hidden=\"true\" class=\"wp-block-spacer\"><\/div>\n\n\n\n<div class=\"wp-block-columns is-layout-flex wp-container-core-columns-is-layout-9d6595d7 wp-block-columns-is-layout-flex\">\n<div class=\"wp-block-column has-white-color has-vivid-red-background-color has-text-color has-background has-link-color wp-elements-3f666069883b080687efae3c728e8d90 is-layout-flow wp-block-column-is-layout-flow\">\n<p class=\"has-text-align-center\"><strong>30.05.2026 (Samstag)<br>Sportfest in Bleiw\u00e4sche<\/strong><\/p>\n<\/div>\n\n\n\n<div class=\"wp-block-column has-white-color has-vivid-red-background-color has-text-color has-background has-link-color wp-elements-092830b0c26c033c7ab14aa464dd6672 is-layout-flow wp-block-column-is-layout-flow\">\n<p class=\"has-text-align-center\"><strong>(28.11.2026) (Samstag)<br>(HSK Tanzfestival<\/strong>)<br><\/p>\n<\/div>\n\n\n\n<div class=\"wp-block-column is-layout-flow wp-block-column-is-layout-flow\">\n<p class=\"has-text-align-center\"><\/p>\n<\/div>\n<\/div>\n\n\n\n<p><\/p>\n\n\n\n<hr class=\"wp-block-separator has-text-color has-vivid-red-color has-alpha-channel-opacity has-vivid-red-background-color has-background\"\/>\n\n\n\n<h2 class=\"wp-block-heading has-vivid-red-color has-text-color has-link-color wp-elements-b3acfe953357a9df6f5b245535aae156\"><strong><em>Lovely Cheerys<\/em><\/strong><\/h2>\n\n\n\n<div class=\"wp-block-columns is-layout-flex wp-container-core-columns-is-layout-9d6595d7 wp-block-columns-is-layout-flex\">\n<div class=\"wp-block-column is-layout-flow wp-block-column-is-layout-flow\"><\/div>\n<\/div>\n\n\n\n<div style=\"height:38px\" aria-hidden=\"true\" class=\"wp-block-spacer\"><\/div>\n\n\n\n<div class=\"wp-block-columns is-layout-flex wp-container-core-columns-is-layout-9d6595d7 wp-block-columns-is-layout-flex\">\n<div class=\"wp-block-column has-vivid-red-background-color has-background is-layout-flow wp-block-column-is-layout-flow\">\n<p class=\"has-text-align-center has-white-color has-text-color has-link-color wp-elements-5f38e6f18d5b7441cdcd76ee2ca94c04\"><strong>30.05.2026 (Samstag)<br>Sportfest in Bleiw\u00e4sche<\/strong><\/p>\n<\/div>\n\n\n\n<div class=\"wp-block-column has-vivid-red-background-color has-background is-layout-flow wp-block-column-is-layout-flow\">\n<p class=\"has-text-align-center has-white-color has-text-color has-link-color wp-elements-5cd56a5c85849f5863905d3ed44951a5\"><strong>(<strong>28.11.2026<\/strong>) (Samstag)<br><strong>(HSK Tanzfestival<\/strong>)<\/strong><\/p>\n<\/div>\n\n\n\n<div class=\"wp-block-column is-layout-flow wp-block-column-is-layout-flow\">\n<p class=\"has-text-align-center\"><\/p>\n<\/div>\n<\/div>\n\n\n\n<p><\/p>\n\n\n\n<hr class=\"wp-block-separator has-text-color has-vivid-red-color has-alpha-channel-opacity has-vivid-red-background-color has-background\"\/>\n\n\n\n<h2 class=\"wp-block-heading has-vivid-red-color has-text-color has-link-color wp-elements-fb45e326c7ebe0b05690a9824b9a7d84\"><strong><em>Cheery Peppers Juniors<\/em><\/strong><\/h2>\n\n\n\n<figure class=\"wp-block-image size-large is-resized\"><a href=\"https:\/\/i0.wp.com\/sv-bleiwaesche.de\/wp-content\/uploads\/2026\/03\/IMG_1378.jpg?ssl=1\"><img data-recalc-dims=\"1\" loading=\"lazy\" decoding=\"async\" width=\"654\" height=\"491\" data-attachment-id=\"2393\" data-permalink=\"https:\/\/sv-bleiwaesche.de\/?attachment_id=2393\" data-orig-file=\"https:\/\/i0.wp.com\/sv-bleiwaesche.de\/wp-content\/uploads\/2026\/03\/IMG_1378-edited.jpg?fit=982%2C737&amp;ssl=1\" data-orig-size=\"982,737\" data-comments-opened=\"0\" data-image-meta=\"{&quot;aperture&quot;:&quot;0&quot;,&quot;credit&quot;:&quot;&quot;,&quot;camera&quot;:&quot;&quot;,&quot;caption&quot;:&quot;Screenshot&quot;,&quot;created_timestamp&quot;:&quot;1774907090&quot;,&quot;copyright&quot;:&quot;&quot;,&quot;focal_length&quot;:&quot;0&quot;,&quot;iso&quot;:&quot;0&quot;,&quot;shutter_speed&quot;:&quot;0&quot;,&quot;title&quot;:&quot;Screenshot&quot;,&quot;orientation&quot;:&quot;1&quot;}\" data-image-title=\"Screenshot\" data-image-description=\"\" data-image-caption=\"&lt;p&gt;Screenshot&lt;\/p&gt;\n\" data-medium-file=\"https:\/\/i0.wp.com\/sv-bleiwaesche.de\/wp-content\/uploads\/2026\/03\/IMG_1378-edited.jpg?fit=300%2C225&amp;ssl=1\" data-large-file=\"https:\/\/i0.wp.com\/sv-bleiwaesche.de\/wp-content\/uploads\/2026\/03\/IMG_1378-edited.jpg?fit=654%2C491&amp;ssl=1\" src=\"https:\/\/i0.wp.com\/sv-bleiwaesche.de\/wp-content\/uploads\/2026\/03\/IMG_1378-edited.jpg?resize=654%2C491&#038;ssl=1\" alt=\"\" class=\"wp-image-2393\" style=\"aspect-ratio:1.3324168217313936;width:447px;height:auto\" srcset=\"https:\/\/i0.wp.com\/sv-bleiwaesche.de\/wp-content\/uploads\/2026\/03\/IMG_1378-edited.jpg?w=982&amp;ssl=1 982w, https:\/\/i0.wp.com\/sv-bleiwaesche.de\/wp-content\/uploads\/2026\/03\/IMG_1378-edited.jpg?resize=300%2C225&amp;ssl=1 300w, https:\/\/i0.wp.com\/sv-bleiwaesche.de\/wp-content\/uploads\/2026\/03\/IMG_1378-edited.jpg?resize=768%2C576&amp;ssl=1 768w, https:\/\/i0.wp.com\/sv-bleiwaesche.de\/wp-content\/uploads\/2026\/03\/IMG_1378-edited.jpg?resize=1%2C1&amp;ssl=1 1w\" sizes=\"auto, (max-width: 654px) 100vw, 654px\" \/><\/a><\/figure>\n\n\n\n<div style=\"height:38px\" aria-hidden=\"true\" class=\"wp-block-spacer\"><\/div>\n\n\n\n<div class=\"wp-block-columns is-layout-flex wp-container-core-columns-is-layout-9d6595d7 wp-block-columns-is-layout-flex\">\n<div class=\"wp-block-column has-vivid-red-background-color has-background is-layout-flow wp-block-column-is-layout-flow\">\n<p class=\"has-text-align-center has-white-color has-text-color has-link-color wp-elements-5f38e6f18d5b7441cdcd76ee2ca94c04\"><strong>30.05.2026 (Samstag)<br>Sportfest in Bleiw\u00e4sche<\/strong><\/p>\n<\/div>\n\n\n\n<div class=\"wp-block-column is-layout-flow wp-block-column-is-layout-flow\">\n<p class=\"has-text-align-center has-white-color has-white-background-color has-text-color has-background has-link-color wp-elements-519fd83e6d0c3f4eef2f10eacc7f795b\"><\/p>\n<\/div>\n\n\n\n<div class=\"wp-block-column is-layout-flow wp-block-column-is-layout-flow\">\n<p class=\"has-text-align-center\"><\/p>\n<\/div>\n<\/div>\n\n\n\n<p><\/p>\n\n\n\n<hr class=\"wp-block-separator has-text-color has-vivid-red-color has-alpha-channel-opacity has-vivid-red-background-color has-background\"\/>\n\n\n\n<h2 class=\"wp-block-heading has-vivid-red-color has-text-color has-link-color wp-elements-04836ffe7b3ac162f2782a627b43a305\"><strong><em>Cheery Peppers Seniors<\/em><\/strong><\/h2>\n\n\n\n<div style=\"height:38px\" aria-hidden=\"true\" class=\"wp-block-spacer\"><\/div>\n\n\n\n<div class=\"wp-block-columns is-layout-flex wp-container-core-columns-is-layout-9d6595d7 wp-block-columns-is-layout-flex\">\n<div class=\"wp-block-column has-vivid-red-background-color has-background is-layout-flow wp-block-column-is-layout-flow\">\n<p class=\"has-text-align-center has-white-color has-text-color has-link-color wp-elements-1d43124530340fc1d4b641b7a4f526aa\"><strong>&#8230;<\/strong><\/p>\n<\/div>\n\n\n\n<div class=\"wp-block-column is-layout-flow wp-block-column-is-layout-flow\"><\/div>\n\n\n\n<div class=\"wp-block-column is-layout-flow wp-block-column-is-layout-flow\"><\/div>\n<\/div>\n\n\n\n\n","protected":false},"excerpt":{"rendered":"<p>Auftritte Mini Lovely\u00b4s 30.05.2026 (Samstag)Sportfest in Bleiw\u00e4sche (28.11.2026) (Samstag)(HSK Tanzfestival) Lovely Cheerys 30.05.2026 (Samstag)Sportfest in Bleiw\u00e4sche (28.11.2026) (Samstag)(HSK Tanzfestival) Cheery Peppers Juniors 30.05.2026 (Samstag)Sportfest in Bleiw\u00e4sche Cheery Peppers Seniors &#8230;<\/p>\n","protected":false},"author":2,"featured_media":0,"parent":29,"menu_order":1,"comment_status":"closed","ping_status":"closed","template":"","meta":{"jetpack_post_was_ever_published":false,"footnotes":""},"class_list":["post-946","page","type-page","status-publish","hentry"],"jetpack_sharing_enabled":true,"jetpack_shortlink":"https:\/\/wp.me\/P6Q36m-fg","jetpack-related-posts":[],"_links":{"self":[{"href":"https:\/\/sv-bleiwaesche.de\/index.php?rest_route=\/wp\/v2\/pages\/946","targetHints":{"allow":["GET"]}}],"collection":[{"href":"https:\/\/sv-bleiwaesche.de\/index.php?rest_route=\/wp\/v2\/pages"}],"about":[{"href":"https:\/\/sv-bleiwaesche.de\/index.php?rest_route=\/wp\/v2\/types\/page"}],"author":[{"embeddable":true,"href":"https:\/\/sv-bleiwaesche.de\/index.php?rest_route=\/wp\/v2\/users\/2"}],"replies":[{"embeddable":true,"href":"https:\/\/sv-bleiwaesche.de\/index.php?rest_route=%2Fwp%2Fv2%2Fcomments&post=946"}],"version-history":[{"count":31,"href":"https:\/\/sv-bleiwaesche.de\/index.php?rest_route=\/wp\/v2\/pages\/946\/revisions"}],"predecessor-version":[{"id":2477,"href":"https:\/\/sv-bleiwaesche.de\/index.php?rest_route=\/wp\/v2\/pages\/946\/revisions\/2477"}],"up":[{"embeddable":true,"href":"https:\/\/sv-bleiwaesche.de\/index.php?rest_route=\/wp\/v2\/pages\/29"}],"wp:attachment":[{"href":"https:\/\/sv-bleiwaesche.de\/index.php?rest_route=%2Fwp%2Fv2%2Fmedia&parent=946"}],"curies":[{"name":"wp","href":"https:\/\/api.w.org\/{rel}","templated":true}]}}