{"id":583,"date":"2016-04-07T20:39:33","date_gmt":"2016-04-07T18:39:33","guid":{"rendered":"http:\/\/sv-bleiwaesche.de\/?page_id=583"},"modified":"2026-03-30T21:39:51","modified_gmt":"2026-03-30T19:39:51","slug":"termine-sportabzeichenabnahme","status":"publish","type":"page","link":"https:\/\/sv-bleiwaesche.de\/?page_id=583","title":{"rendered":"Sportabzeichenabnahme"},"content":{"rendered":"\n<div class=\"wp-block-columns is-layout-flex wp-container-core-columns-is-layout-9d6595d7 wp-block-columns-is-layout-flex\">\n<div class=\"wp-block-column has-black-color has-text-color has-link-color wp-elements-aff5e5380b10491df5189829697d3f9e is-layout-flow wp-block-column-is-layout-flow\">\n<p>Die Sportabzeichenabnahme findet gemeinsam mit dem TuS Bad W\u00fcnnenberg statt. Falls ihr eine Mitfahrgelegenheit von Bleiw\u00e4sche ins Aatalstadion braucht, k\u00f6nnt ihr euch gerne an die Sportabzeichenobleute wenden.<\/p>\n<\/div>\n<\/div>\n\n\n\n<div class=\"wp-block-columns is-layout-flex wp-container-core-columns-is-layout-9d6595d7 wp-block-columns-is-layout-flex\">\n<div class=\"wp-block-column is-layout-flow wp-block-column-is-layout-flow\" style=\"flex-basis:33.33%\">\n<p class=\"has-black-color has-text-color has-link-color wp-elements-92a581bbe6fa8e8734b3fb844c52d38f\"><strong>Ort:<\/strong><\/p>\n\n\n\n<p><span style=\"color: #000000;\"><strong>Wochentag:<\/strong><\/span><\/p>\n<p><span style=\"color: #000000;\"><strong>Abnahmezeitraum:<\/strong><\/span><\/p>\n<p><span style=\"color: #000000;\"><strong>Uhrzeit:<\/strong><\/span><\/p>\n\n\n<\/div>\n\n\n\n<div class=\"wp-block-column is-layout-flow wp-block-column-is-layout-flow\" style=\"flex-basis:66.66%\">\n<p class=\"has-black-color has-text-color has-link-color wp-elements-af5c00ca5f312380857cf168eda55582\">Aatalstadion in Bad W\u00fcnnenberg<\/p>\n\n\n\n<p><span style=\"color: #000000;\">Donnerstags und jeden 1. Sonntag im Monat<\/span><\/p>\n<p><span style=\"color: #000000;\">Mai bis Oktober<\/span><\/p>\n<p><span style=\"color: #000000;\">Donnerstags im Mai, September, Oktober: 18:00 Uhr<\/span><br \/><span style=\"color: #000000;\">Donnerstags im Juni, Juli, August: 18:30 Uhr<\/span><br \/><span style=\"color: #000000;\">Jeden 1. Sonntag im Monat: 10:00 Uhr<\/span><\/p>\n<\/div>\n<\/div>\n\n\n\n<div class=\"wp-block-columns is-layout-flex wp-container-core-columns-is-layout-9d6595d7 wp-block-columns-is-layout-flex\">\n<div class=\"wp-block-column is-layout-flow wp-block-column-is-layout-flow\">\n<p class=\"has-black-color has-text-color has-link-color wp-elements-1601661060dca99db98c759cf0b857af\">Das Team ist grunds\u00e4tzlich die ersten 30 Minuten vor Ort, bei Bedarf dann l\u00e4nger.<\/p>\n<\/div>\n<\/div>\n\n\n\n<hr class=\"wp-block-separator has-text-color has-vivid-red-color has-alpha-channel-opacity has-vivid-red-background-color has-background\"\/>\n\n\n\n<div class=\"wp-block-columns is-layout-flex wp-container-core-columns-is-layout-9d6595d7 wp-block-columns-is-layout-flex\">\n<div class=\"wp-block-column is-layout-flow wp-block-column-is-layout-flow\">\n<h2 class=\"wp-block-heading has-vivid-red-color has-text-color has-link-color wp-elements-0a318cb6e969ca0b16981014d963276b\"><strong>Behinderten-Sportabzeichen<\/strong><\/h2>\n<\/div>\n<\/div>\n\n\n\n<div class=\"wp-block-columns is-layout-flex wp-container-core-columns-is-layout-9d6595d7 wp-block-columns-is-layout-flex\">\n<div class=\"wp-block-column has-black-color has-text-color has-link-color wp-elements-2c8ee65e07dd56e9dcbfb0f3f5b6c972 is-layout-flow wp-block-column-is-layout-flow\">\n<p>M\u00f6glich nach Absprache in Bad W\u00fcnnenberg.<\/p>\n\n\n\n<p>Sibille Heinrichs: Tel. 02953\/7408 oder 0151\/70872986<\/p>\n<p>Mario Hecker: Tel. 02953\/9650676<\/p>\n<p>Martina Balkenhol: Tel.: 02953\/99209<\/p>\n<\/div>\n<\/div>\n\n\n\n\n","protected":false},"excerpt":{"rendered":"<p>Die Sportabzeichenabnahme findet gemeinsam mit dem TuS Bad W\u00fcnnenberg statt. Falls ihr eine Mitfahrgelegenheit von Bleiw\u00e4sche ins Aatalstadion braucht, k\u00f6nnt ihr euch gerne an die Sportabzeichenobleute wenden. Ort: Wochentag: Abnahmezeitraum: Uhrzeit: Aatalstadion in Bad W\u00fcnnenberg Donnerstags und jeden 1. Sonntag im Monat Mai bis Oktober Donnerstags im Mai, September, Oktober: 18:00 UhrDonnerstags im Juni, Juli, [&hellip;]<\/p>\n","protected":false},"author":3,"featured_media":0,"parent":531,"menu_order":1,"comment_status":"closed","ping_status":"closed","template":"","meta":{"jetpack_post_was_ever_published":false,"footnotes":""},"class_list":["post-583","page","type-page","status-publish","hentry"],"jetpack_sharing_enabled":true,"jetpack_shortlink":"https:\/\/wp.me\/P6Q36m-9p","jetpack-related-posts":[],"_links":{"self":[{"href":"https:\/\/sv-bleiwaesche.de\/index.php?rest_route=\/wp\/v2\/pages\/583","targetHints":{"allow":["GET"]}}],"collection":[{"href":"https:\/\/sv-bleiwaesche.de\/index.php?rest_route=\/wp\/v2\/pages"}],"about":[{"href":"https:\/\/sv-bleiwaesche.de\/index.php?rest_route=\/wp\/v2\/types\/page"}],"author":[{"embeddable":true,"href":"https:\/\/sv-bleiwaesche.de\/index.php?rest_route=\/wp\/v2\/users\/3"}],"replies":[{"embeddable":true,"href":"https:\/\/sv-bleiwaesche.de\/index.php?rest_route=%2Fwp%2Fv2%2Fcomments&post=583"}],"version-history":[{"count":21,"href":"https:\/\/sv-bleiwaesche.de\/index.php?rest_route=\/wp\/v2\/pages\/583\/revisions"}],"predecessor-version":[{"id":2386,"href":"https:\/\/sv-bleiwaesche.de\/index.php?rest_route=\/wp\/v2\/pages\/583\/revisions\/2386"}],"up":[{"embeddable":true,"href":"https:\/\/sv-bleiwaesche.de\/index.php?rest_route=\/wp\/v2\/pages\/531"}],"wp:attachment":[{"href":"https:\/\/sv-bleiwaesche.de\/index.php?rest_route=%2Fwp%2Fv2%2Fmedia&parent=583"}],"curies":[{"name":"wp","href":"https:\/\/api.w.org\/{rel}","templated":true}]}}